7
Let n(y) = -y**3 + 15*y**2 + 15*y + 26. What is n(16)?
10
Let z(m) = -4*m + 8. Determine z(6).
-16
Let d(c) = 38*c + 197. Give d(-5).
7
Let h(y) = -3*y + 32. What is h(0)?
32
Let f(b) = 122*b + 124. Calculate f(-1).
2
Let f(y) = -y**3 - 12*y**2 - 9*y + 27. Calculate f(-11).
5
Let t(o) = -o + 15. Calculate t(16).
-1
Let l(c) = -c - 65. Give l(0).
-65
Let m(i) = 7*i. Give m(-1).
-7
Let y(r) = r**2 + 15*r + 31. Determine y(-3).
-5
Let y(c) = -c**2 - 21*c - 17. Determine y(-8).
87
Let q(v) = 13*v + 1. What is q(1)?
14
Let z(h) = -121*h - 2. Determine z(-1).
119
Let b(g) = -2*g**2 + 9*g - 9. Determine b(3).
0
Let o(x) = x**2 + 15*x + 22. Give o(-12).
-14
Let t(c) = -c**2 + 6*c - 1. Give t(5).
4
Let k(s) = -s**3 + 6*s**2 + 6*s + 7. Determine k(7).
0
Let d(b) = -b**2 + 30*b + 96. What is d(-3)?
-3
Let m(i) = 7*i**3 + 2*i**2 - 2*i - 2. Determine m(-2).
-46
Let w(v) = -2*v**2 - 40*v - 40. Calculate w(-19).
-2
Let s(t) = -t**3 + 2*t**2 + 9*t - 22. Calculate s(3).
-4
Let d(n) = 3*n + 86. What is d(-29)?
-1
Let h(i) = -3*i**3 + 6*i**2 + 9*i + 1. Determine h(-2).
31
Let s(p) = p**3 + 10*p**2 + 9*p - 1. Calculate s(-7).
83
Let o(u) = -u**3 - 9*u**2 - 2*u - 15. Determine o(-9).
3
Let f(o) = -2*o**2 + 13*o - 39. Calculate f(6).
-33
Let r(m) = -4*m**3 + 15*m**2 + 12*m - 21. Determine r(4).
11
Let n(c) = 14*c**3 - 4*c + 2. Determine n(1).
12
Let f(d) = 3*d**2 - 4*d + 19. What is f(8)?
179
Let x(i) = 5*i + 12. Determine x(-5).
-13
Let g(z) = -z**3 + 8*z**2 - 7*z + 10. Give g(7).
10
Let n(q) = q**2 - 47*q - 573. Determine n(57).
-3
Let l(k) = k**2 - 6*k - 4. What is l(8)?
12
Let z(n) = -n**3 - 5*n**2 - 5*n - 56. Calculate z(-6).
10
Let m(q) = -q**3 + 7*q**2 + 5*q + 7. Determine m(7).
42
Let w(y) = y - 25. Determine w(16).
-9
Let s(t) = t**2 + 26*t - 154. Determine s(-31).
1
Let w(f) = 2*f + 37. Give w(-16).
5
Let m(g) = -2*g**2 + 34*g + 8. What is m(17)?
8
Let u(t) = -t**2 + 29*t - 42. Determine u(28).
-14
Let a(s) = -2*s**3 - 2*s**2 + 6*s + 11. What is a(-2)?
7
Let f(t) = 2*t**3 - 9*t**2 + 19*t - 119. Calculate f(5).
1
Let k(u) = -3*u - 69. Calculate k(11).
-102
Let g(a) = -26*a**3 - 2*a**2 - 3*a - 2. What is g(-1)?
25
Let n(x) = x**3 - 11*x**2 + 15*x - 53. Give n(10).
-3
Let x(t) = -3*t**2 - 11*t + 8. Calculate x(-4).
4
Let j(r) = r**2 - 3*r - 26. What is j(8)?
14
Let o(t) = -t**3 + 4*t**2 + 5*t - 6. Calculate o(5).
-6
Let q(t) = t**2 + 4*t - 38. Calculate q(6).
22
Let u(l) = -l + 9. Determine u(-9).
18
Let d(f) = f**2 - 5*f + 14. What is d(7)?
28
Let l(b) = -106*b + 1. Calculate l(1).
-105
Let m(v) = v**3 + 5*v**2 - v + 27. Calculate m(-6).
-3
Let l(m) = m**3 + 15*m**2 - 56*m - 38. What is l(-18)?
-2
Let a(r) = r**3 - 6*r**2 + 6*r. Determine a(5).
5
Let z(y) = -y**3 - y**2 + y - 5. Calculate z(-4).
39
Let l(u) = u**3 - 8*u**2 + 12*u - 1. What is l(6)?
-1
Let v(k) = -k**2 + 19*k - 58. Give v(17).
-24
Let l(v) = -v**2 + 11*v + 15. What is l(15)?
-45
Let x(u) = -4*u - 74. What is x(-11)?
-30
Let k(o) = -203*o - 603. Determine k(-3).
6
Let x(f) = f**3 + 12*f**2 - 16*f - 19. Give x(-13).
20
Let v(m) = 32*m**3 - 2*m**2 - m + 1. Give v(1).
30
Let t(r) = -r**2 + 15*r + 14. Calculate t(16).
-2
Let a(u) = -10*u**2 + 2*u - 4. What is a(2)?
-40
Let a(h) = -h**2 + 41*h - 308. Give a(31).
2
Let z(c) = c**2 + 7*c + 2. Calculate z(-7).
2
Let u(s) = -s + 3. Determine u(4).
-1
Let o(q) = -4*q. Determine o(-8).
32
Let t(r) = -r**3 + 7*r**2 - 4*r - 11. Determine t(6).
1
Let c(q) = -q**3 + 11*q**2 - 9*q - 3. Determine c(10).
7
Let y(s) = 2*s**2 - 7*s - 1. What is y(7)?
48
Let d(s) = -48*s - 142. Calculate d(-3).
2
Let m(s) = s - 5. What is m(-12)?
-17
Let z(i) = -i**2 + 9*i - 12. What is z(8)?
-4
Let m(w) = -4*w + 26. Give m(11).
-18
Let j(s) = s**2 - 15*s + 28. What is j(8)?
-28
Let s(x) = -2*x**3 - 10*x**2 + 10*x + 23. What is s(-6)?
35
Let b(k) = -3*k + 59. What is b(18)?
5
Let c(p) = -p**3 + 6*p**2 - 7*p - 3. Calculate c(3).
3
Let c(t) = 6*t + 34. Determine c(-6).
-2
Let u(j) = 4*j + 21. What is u(-5)?
1
Let b(s) = s**3 - 20*s**2 - 5*s + 41. Give b(20).
-59
Let i(b) = -b**3 - 4*b**2 + 7*b + 36. Determine i(-4).
8
Let d(p) = -p + 4. Give d(5).
-1
Let f(h) = -h**3 - 12*h**2 + 3*h + 12. What is f(-12)?
-24
Let u(d) = -d**3 + 17*d**2 - 16*d + 14. What is u(16)?
14
Let l(n) = n - 7. What is l(17)?
10
Let t(n) = n**3 + 16*n**2 + 15*n - 9. Determine t(-15).
-9
Let v(x) = -x**3 + 6*x**2 + 8*x - 3. What is v(7)?
4
Let s(h) = -h**3 - 4*h**2 - 9*h - 13. Calculate s(-3).
5
Let s(u) = -u + 9. Calculate s(7).
2
Let g(h) = h**3 - 19*h**2 + 19*h - 4. Give g(18).
14
Let q(j) = 4*j**2 - 5*j + 6. Determine q(2).
12
Let c(l) = -5*l + 10. What is c(4)?
-10
Let g(w) = w - 10. Calculate g(-2).
-12
Let j(g) = -g**2 + 5*g - 6. Determine j(2).
0
Let q(s) = -s**3 + 7*s**2 - 2*s + 1. What is q(7)?
-13
Let s(b) = -b**2 - 2*b - 3. Give s(4).
-27
Let p(t) = 2*t + 5. What is p(-11)?
-17
Let n(b) = -b - 19. What is n(-17)?
-2
Let s(y) = -51*y + 42. Calculate s(1).
-9
Let u(i) = -i - 7. Give u(-9).
2
Let t(s) = s**3 - 11*s**2 + 12*s - 22. Calculate t(11).
110
Let b(l) = 4*l + 19. Calculate b(-8).
-13
Let h(z) = -6*z - 10. Give h(-5).
20
Let p(j) = -j**2 - 143*j - 1082. Determine p(-8).
-2
Let v(b) = b**3 + 5*b**2 - 9. Determine v(-4).
7
Let q(i) = -i**2 - 13*i + 6. What is q(-11)?
28
Let y(j) = -j**3 + 12*j**2 + 6*j - 22. What is y(13)?
-113
Let u(l) = 16*l**3 + 2*l + 1. Determine u(-1).
-17
Let z(b) = -b**3 + 8*b**2 + 9*b + 2. Determine z(9).
2
Let d(q) = 11*q**2 - 3*q - 1. Give d(-1).
13
Let k(q) = 31*q + 31. Calculate k(-1).
0
Let t(i) = 6*i + 20. Calculate t(-2).
8
Let v(c) = c**3 - 10*c**2 + 17*c - 9. Calculate v(8).
-1
Let x(s) = 2*s - 9. Determine x(-17).
-43
Let h(i) = -5*i + 1. Give h(2).
-9
Let p(d) = 4*d**2 - 20*d - 5. What is p(6)?
19
Let f(m) = 3*m + 94. Determine f(-27).
13
Let w(m) = -2*m - 34. Determine w(-13).
-8
Let z(x) = 3*x**2 - 6*x + 4. What is z(4)?
28
Let w(b) = 3*b**3 + 5*b - 5. Determine w(1).
3
Let j(t) = -2*t**2 - 83*t + 123. Determine j(-43).
-6
Let w(m) = m**2 - 17*m + 78. What is w(10)?
8
Let m(w) = -23*w + 58. Determine m(3).
-11
Let v(y) = -y**3 - 23*y**2 + 63*y + 333. What is v(-25)?
8
Let x(z) = -5*z + 18. Calculate x(4).
-2
Let v(s) = s**2 + s - 36. What is v(6)?
6
Let q(t) = 2*t**2 - 13*t - 5. What is q(6)?
-11
Let g(k) = -6*k + 42. Calculate g(8).
-6
Let t(d) = -d + 8. Determine t(2).
6
Let t(k) = -k**3 + 8*k**2 + 6*k - 8. Calculate t(9).
-35
Let y(p) = -3*p + 11. Calculate y(-4).
23
Let m(o) = -4*o - 7. Determine m(-10).
33
Let h(c) = -16*c - 3. What is h(-6)?
93
Let y(d) = -3*d**3 - d**2 + 3*d + 3. Calculate y(2).
-19
Let k(w) = 10*w**3 - w**2 - w + 3. Give k(-2).
-79
Let v(d) = -d**2 - 4*d + 2. Give v(-4).
2
Let h(k) = 16*k**2 - 3*k + 2. Calculate h(1).
15
Let m(h) = -h**2 - 15*h + 8. Determine m(-7).
64
Let a(x) = -x**3 + 3*x**2 + 9*x + 3. What is a(5)?
-2
Let g(d) = -7*d**3 - d**2 + 3*d - 1. What is g(1)?
-6
Let r(q) = q**3 + 2*q**2 - 3*q - 3. Calculate r(-3).
-3
Let c(y) = -y**2 - 7*y - 10. Give c(-3).
2
Let y(z) = -z**2 - 5*z + 1. Give y(-8).
-23
Let s(w) = -w - 22. What is s(-6)?
-16
Let h(l) = -l**3 + 10*l**2 + 18*l + 50. What is h(12)?
-22
Let o(g) = -11*g - 15. Determine o(-6).
51
Let b(y) = -3*y + 6. Calculate b(7).
-15
Let t(m) = -m**2 + 9*m - 21. Give t(7).
-7
Let b(w) = -26*w**3 + 1. Determine b(-1).
27
Let x(v) = -11*v - 4. Determine x(-2).
18
Let w(z) = 34*z - 131. Give w(4).
5
Let f(q) = -136*q - 5. Determine f(0).
-5
Let x(i) = i**2 - 6*i - 6. Determine x(5).
-11
Let o(s) = -2*s**2 + 19*s - 12. Give o(8).
12
Let c(q) = -q**3 + 9*q**2 - 26*q + 39. Give c(6).
-9
Let h(z) = z**3 + z**2 - 4*z + 2. Determine h(3).
26
Let f(s) = 3*s**2 - 27*s - 28. Calculate f(-1).
2
Let y(t) = t**3 - t**2 - t + 4. What is y(0)?
4
Let l(r) = -r**3 - 6*r**2 + 7*r - 8. Give l(-6).
-50
Let v(t) = 20*t**2 - 179*t - 13. What is v(9)?
-4
Let t(w) = w**3 - 6*w**2 + 6*w + 3. What is t(6)?
39
Let s(m) = m**3 + 6*m**2 - 2*m + 3. What is s(-5)?
38
Let z(t) = t**2 - 3*t - 24. What is z(7)?
4
Let a(p) = -4*p**2 + 25*p - 11. Give a(6).
-5
Let b(u) = -u + 8. What is b(-7)?
15
Let l(q) = -2*q - 21. Give l(-10).
-1
Let v(u) = u**2 - 8*u - 7. What is v(4)?
-23
Let y(q) = -q**2 + 29*q - 1. What is y(29)?
-1
Let c(l) = -51*l + 188. Determine c(4).
-16
Let o(f) = -f**2 + 12*f + 32. Determin